{"id":10,"date":"2024-07-29T16:25:39","date_gmt":"2024-07-29T16:25:39","guid":{"rendered":"https:\/\/nordicstories.eu\/about\/"},"modified":"2025-01-21T20:55:20","modified_gmt":"2025-01-21T20:55:20","slug":"about","status":"publish","type":"page","link":"https:\/\/nordicstories.eu\/sv\/about\/","title":{"rendered":"About"},"content":{"rendered":"\n<h2 class=\"wp-block-heading has-text-align-center has-tertiary-color has-text-color has-link-color has-large-font-size wp-elements-9a798503eb6e8ec27d312f73cc55c71f\">Historien bakom<\/h2>\n\n\n\n<figure class=\"wp-block-image aligncenter size-medium\"><img loading=\"lazy\" decoding=\"async\" width=\"300\" height=\"33\" src=\"https:\/\/nordicstories.eu\/wp-content\/uploads\/2024\/08\/div_grey-300x33.png\" alt=\"\" class=\"wp-image-227\" srcset=\"https:\/\/nordicstories.eu\/wp-content\/uploads\/2024\/08\/div_grey-300x33.png 300w, https:\/\/nordicstories.eu\/wp-content\/uploads\/2024\/08\/div_grey.png 775w\" sizes=\"auto, (max-width: 300px) 100vw, 300px\" \/><\/figure>\n\n\n\n<div class=\"wp-block-columns alignwide is-layout-flex wp-container-core-columns-is-layout-47c06fe3 wp-block-columns-is-layout-flex\">\n<div class=\"wp-block-column is-layout-flow wp-container-core-column-is-layout-8a368f38 wp-block-column-is-layout-flow\" style=\"flex-basis:50%\">\n<figure class=\"wp-block-image size-large\"><img loading=\"lazy\" decoding=\"async\" width=\"1024\" height=\"676\" src=\"https:\/\/nordicstories.eu\/wp-content\/uploads\/2024\/08\/MKL-1-1024x676.jpg\" alt=\"\" class=\"wp-image-347\" srcset=\"https:\/\/nordicstories.eu\/wp-content\/uploads\/2024\/08\/MKL-1-1024x676.jpg 1024w, https:\/\/nordicstories.eu\/wp-content\/uploads\/2024\/08\/MKL-1-300x198.jpg 300w, https:\/\/nordicstories.eu\/wp-content\/uploads\/2024\/08\/MKL-1-2000x1320.jpg 2000w\" sizes=\"auto, (max-width: 1024px) 100vw, 1024px\" \/><figcaption class=\"wp-element-caption\">Ett kort \u00f6gonblick med Agneta Pleijel i Tartu vid presentationen av hennes bok &#8220;Dubbelportr\u00e4tt.&#8221;<\/figcaption><\/figure>\n\n\n\n<figure class=\"wp-block-image size-large\"><img loading=\"lazy\" decoding=\"async\" width=\"1024\" height=\"827\" src=\"https:\/\/nordicstories.eu\/wp-content\/uploads\/2024\/08\/Rootsi-kuningas_kokaraamatuga-1024x827.jpeg\" alt=\"\" class=\"wp-image-251\" srcset=\"https:\/\/nordicstories.eu\/wp-content\/uploads\/2024\/08\/Rootsi-kuningas_kokaraamatuga-1024x827.jpeg 1024w, https:\/\/nordicstories.eu\/wp-content\/uploads\/2024\/08\/Rootsi-kuningas_kokaraamatuga-300x242.jpeg 300w, https:\/\/nordicstories.eu\/wp-content\/uploads\/2024\/08\/Rootsi-kuningas_kokaraamatuga.jpeg 1374w\" sizes=\"auto, (max-width: 1024px) 100vw, 1024px\" \/><figcaption class=\"wp-element-caption\">Sveriges kung med boken &#8220;V\u00e5ra smaker av Nuck\u00f6,&#8221; foto av Christian Coinbergh<\/figcaption><\/figure>\n<\/div>\n\n\n\n<div class=\"wp-block-column is-layout-flow wp-block-column-is-layout-flow\" style=\"flex-basis:50%\">\n<p class=\"has-small-font-size\"><strong>Hej! Jag heter Merilin Kaustel-Lehemets, grundare av NORDIC STORIES.<\/strong><br>Efter gymnasiet kastade jag mig in i olika studier utan en tydlig riktning \u2013 musik, statsvetenskap och juridik.<\/p>\n\n\n\n<p>F\u00f6r ungef\u00e4r tio \u00e5r sedan flyttade jag med min familj till landsbygden i Nuck\u00f6, d\u00e4r min kreativa sida fick allt st\u00f6rre utrymme och jag b\u00f6rjade fokusera p\u00e5 fotografi och grafisk design. Nuck\u00f6-omr\u00e5det hade ocks\u00e5 varit hem f\u00f6r mina estlandssvenska f\u00f6rf\u00e4der, inklusive min farmor, vars modersm\u00e5l var svenska. Hon var en av de f\u00e5 som talade den mystiska Nuck\u00f6dialekten. Tyv\u00e4rr finns det inga aktiva talare av dialekten l\u00e4ngre, men idag \u00e4r den ett sp\u00e4nnande forskningsobjekt f\u00f6r spr\u00e5kvetare.<\/p>\n\n\n\n<p>Med tiden v\u00e4xte mitt intresse f\u00f6r estlandssvenskarnas historia och kultur, vilket ledde mig till att studera svenska. Jag tog examen i skandinavistik vid Tartu universitet, med inriktning p\u00e5 svenska spr\u00e5ket och litteraturen, och studerade \u00e4ven danska och norska.<\/p>\n\n\n\n<p>F\u00f6r n\u00e4rvarande \u00e4r mina tre huvudsakliga fokusomr\u00e5den <strong>fotografi, grafisk design och \u00f6vers\u00e4ttning.<\/strong><br>Genom grafisk design har jag skapat visuella identiteter f\u00f6r m\u00e5nga estniska och internationella f\u00f6retag och organisationer, fr\u00e5n webbplatser till trycksaker. Mina fotografier har publicerats i Estlands st\u00f6rsta tidningar och tidskrifter. Jag har f\u00f6revigat br\u00f6llop, familjer och tagit produkt- och matfotografier. En av kokb\u00f6ckerna d\u00e4r jag har bidragit med bilder \u2013 <em>\u201cV\u00e5ra smaker av Nuck\u00f6\u201d<\/em> \u2013 gavs som en g\u00e5va till Sveriges kung.<\/p>\n\n\n\n<p>Mina \u00f6vers\u00e4ttningar fr\u00e5n de skandinaviska spr\u00e5ken till estniska har under tv\u00e5 p\u00e5 varandra f\u00f6ljande \u00e5r bel\u00f6nats med Estniska F\u00f6rfattarf\u00f6rbundets <strong>pris f\u00f6r b\u00e4sta unga \u00f6vers\u00e4ttare.<\/strong> F\u00f6r n\u00e4rvarande studerar jag en masterutbildning i europeiska spr\u00e5k och kulturer vid Tartu universitet, samt vid G\u00f6teborgs universitet, d\u00e4r mitt fokus fortfarande \u00e4r skandinavistik, \u00f6vers\u00e4ttning och det estlandssvenska spr\u00e5ket.<\/p>\n\n\n\n<p>F\u00f6r att sammanf\u00f6ra all min erfarenhet, kunskap och kompetens skapade jag <strong>NORDIC STORIES<\/strong>, d\u00e4r jag kan skapa visuella och verbala ber\u00e4ttelser f\u00f6r dig.<\/p>\n\n\n\n<p class=\"has-small-font-size\">Genom att samarbeta med de b\u00e4sta inom branschen kan jag erbjuda dig <strong>f\u00e4ngslande nordiska ber\u00e4ttelser<\/strong> i b\u00e5de ord och bild.<\/p>\n<\/div>\n<\/div>\n\n\n\n<div class=\"wp-block-columns alignwide has-background-background-color has-background has-global-padding is-layout-constrained wp-container-core-columns-is-layout-55f5ebdd wp-block-columns-is-layout-constrained\" style=\"margin-top:0;margin-bottom:0;padding-top:var(--wp--preset--spacing--60);padding-right:var(--wp--preset--spacing--30);padding-bottom:var(--wp--preset--spacing--60);padding-left:var(--wp--preset--spacing--30)\">\n<div class=\"wp-block-column is-layout-flow wp-block-column-is-layout-flow\">\n<h2 class=\"wp-block-heading has-text-align-right has-tertiary-color has-text-color has-link-color wp-elements-039363c223bb71e479fbf36cfecffe12\"><a href=\"https:\/\/nordicstories.eu\/contact\/\" title=\"Contact\">Kontakt<\/a><\/h2>\n<\/div>\n<\/div>\n","protected":false},"excerpt":{"rendered":"<p>Historien bakom Hej! Jag heter Merilin Kaustel-Lehemets, grundare av NORDIC STORIES.Efter gymnasiet kastade jag mig in i olika studier utan en tydlig riktning \u2013 musik, statsvetenskap och juridik. F\u00f6r ungef\u00e4r tio \u00e5r sedan flyttade jag med min familj till landsbygden i Nuck\u00f6, d\u00e4r min kreativa sida fick allt st\u00f6rre utrymme och jag b\u00f6rjade fokusera p\u00e5 &hellip; <\/p>\n<p class=\"link-more\"><a href=\"https:\/\/nordicstories.eu\/sv\/about\/\" class=\"more-link\">Read more<span class=\"screen-reader-text\"> &#8220;About&#8221;<\/span><\/a><\/p>\n","protected":false},"author":1,"featured_media":0,"parent":0,"menu_order":0,"comment_status":"closed","ping_status":"closed","template":"page-templates\/no-title.php","meta":{"_monsterinsights_skip_tracking":false,"_monsterinsights_sitenote_active":false,"_monsterinsights_sitenote_note":"","_monsterinsights_sitenote_category":0,"_uf_show_specific_survey":0,"_uf_disable_surveys":false,"inspiro_hide_title":false,"footnotes":""},"class_list":["post-10","page","type-page","status-publish","hentry"],"translation":{"provider":"WPGlobus","version":"3.0.2","language":"sv","enabled_languages":["ee","gb","sv"],"languages":{"ee":{"title":true,"content":true,"excerpt":false},"gb":{"title":false,"content":true,"excerpt":false},"sv":{"title":false,"content":true,"excerpt":false}}},"aioseo_notices":[],"featured_media_urls":[],"_links":{"self":[{"href":"https:\/\/nordicstories.eu\/sv\/wp-json\/wp\/v2\/pages\/10","targetHints":{"allow":["GET"]}}],"collection":[{"href":"https:\/\/nordicstories.eu\/sv\/wp-json\/wp\/v2\/pages"}],"about":[{"href":"https:\/\/nordicstories.eu\/sv\/wp-json\/wp\/v2\/types\/page"}],"author":[{"embeddable":true,"href":"https:\/\/nordicstories.eu\/sv\/wp-json\/wp\/v2\/users\/1"}],"replies":[{"embeddable":true,"href":"https:\/\/nordicstories.eu\/sv\/wp-json\/wp\/v2\/comments?post=10"}],"version-history":[{"count":61,"href":"https:\/\/nordicstories.eu\/sv\/wp-json\/wp\/v2\/pages\/10\/revisions"}],"predecessor-version":[{"id":835,"href":"https:\/\/nordicstories.eu\/sv\/wp-json\/wp\/v2\/pages\/10\/revisions\/835"}],"wp:attachment":[{"href":"https:\/\/nordicstories.eu\/sv\/wp-json\/wp\/v2\/media?parent=10"}],"curies":[{"name":"wp","href":"https:\/\/api.w.org\/{rel}","templated":true}]}}

<h2 class="wp-block-heading has-text-align-center has-tertiary-color has-text-color has-link-color has-large-font-size wp-elements-9a798503eb6e8ec27d312f73cc55c71f">Historien bakom</h2>



<figure class="wp-block-image aligncenter size-medium"><img loading="lazy" decoding="async" width="300" height="33" src="https://nordicstories.eu/wp-content/uploads/2024/08/div_grey-300x33.png" alt="" class="wp-image-227" srcset="https://nordicstories.eu/wp-content/uploads/2024/08/div_grey-300x33.png 300w, https://nordicstories.eu/wp-content/uploads/2024/08/div_grey.png 775w" sizes="auto, (max-width: 300px) 100vw, 300px" /></figure>



<div class="wp-block-columns alignwide is-layout-flex wp-container-core-columns-is-layout-47c06fe3 wp-block-columns-is-layout-flex">
<div class="wp-block-column is-layout-flow wp-container-core-column-is-layout-8a368f38 wp-block-column-is-layout-flow" style="flex-basis:50%">
<figure class="wp-block-image size-large"><img loading="lazy" decoding="async" width="1024" height="676" src="https://nordicstories.eu/wp-content/uploads/2024/08/MKL-1-1024x676.jpg" alt="" class="wp-image-347" srcset="https://nordicstories.eu/wp-content/uploads/2024/08/MKL-1-1024x676.jpg 1024w, https://nordicstories.eu/wp-content/uploads/2024/08/MKL-1-300x198.jpg 300w, https://nordicstories.eu/wp-content/uploads/2024/08/MKL-1-2000x1320.jpg 2000w" sizes="auto, (max-width: 1024px) 100vw, 1024px" /><figcaption class="wp-element-caption">Ett kort ögonblick med Agneta Pleijel i Tartu vid presentationen av hennes bok &#8220;Dubbelporträtt.&#8221;</figcaption></figure>



<figure class="wp-block-image size-large"><img loading="lazy" decoding="async" width="1024" height="827" src="https://nordicstories.eu/wp-content/uploads/2024/08/Rootsi-kuningas_kokaraamatuga-1024x827.jpeg" alt="" class="wp-image-251" srcset="https://nordicstories.eu/wp-content/uploads/2024/08/Rootsi-kuningas_kokaraamatuga-1024x827.jpeg 1024w, https://nordicstories.eu/wp-content/uploads/2024/08/Rootsi-kuningas_kokaraamatuga-300x242.jpeg 300w, https://nordicstories.eu/wp-content/uploads/2024/08/Rootsi-kuningas_kokaraamatuga.jpeg 1374w" sizes="auto, (max-width: 1024px) 100vw, 1024px" /><figcaption class="wp-element-caption">Sveriges kung med boken &#8220;Våra smaker av Nuckö,&#8221; foto av Christian Coinbergh</figcaption></figure>
</div>



<div class="wp-block-column is-layout-flow wp-block-column-is-layout-flow" style="flex-basis:50%">
<p class="has-small-font-size"><strong>Hej! Jag heter Merilin Kaustel-Lehemets, grundare av NORDIC STORIES.</strong><br>Efter gymnasiet kastade jag mig in i olika studier utan en tydlig riktning – musik, statsvetenskap och juridik.</p>



<p>För ungefär tio år sedan flyttade jag med min familj till landsbygden i Nuckö, där min kreativa sida fick allt större utrymme och jag började fokusera på fotografi och grafisk design. Nuckö-området hade också varit hem för mina estlandssvenska förfäder, inklusive min farmor, vars modersmål var svenska. Hon var en av de få som talade den mystiska Nucködialekten. Tyvärr finns det inga aktiva talare av dialekten längre, men idag är den ett spännande forskningsobjekt för språkvetare.</p>



<p>Med tiden växte mitt intresse för estlandssvenskarnas historia och kultur, vilket ledde mig till att studera svenska. Jag tog examen i skandinavistik vid Tartu universitet, med inriktning på svenska språket och litteraturen, och studerade även danska och norska.</p>



<p>För närvarande är mina tre huvudsakliga fokusområden <strong>fotografi, grafisk design och översättning.</strong><br>Genom grafisk design har jag skapat visuella identiteter för många estniska och internationella företag och organisationer, från webbplatser till trycksaker. Mina fotografier har publicerats i Estlands största tidningar och tidskrifter. Jag har förevigat bröllop, familjer och tagit produkt- och matfotografier. En av kokböckerna där jag har bidragit med bilder – <em>“Våra smaker av Nuckö”</em> – gavs som en gåva till Sveriges kung.</p>



<p>Mina översättningar från de skandinaviska språken till estniska har under två på varandra följande år belönats med Estniska Författarförbundets <strong>pris för bästa unga översättare.</strong> För närvarande studerar jag en masterutbildning i europeiska språk och kulturer vid Tartu universitet, samt vid Göteborgs universitet, där mitt fokus fortfarande är skandinavistik, översättning och det estlandssvenska språket.</p>



<p>För att sammanföra all min erfarenhet, kunskap och kompetens skapade jag <strong>NORDIC STORIES</strong>, där jag kan skapa visuella och verbala berättelser för dig.</p>



<p class="has-small-font-size">Genom att samarbeta med de bästa inom branschen kan jag erbjuda dig <strong>fängslande nordiska berättelser</strong> i både ord och bild.</p>
</div>
</div>



<div class="wp-block-columns alignwide has-background-background-color has-background has-global-padding is-layout-constrained wp-container-core-columns-is-layout-55f5ebdd wp-block-columns-is-layout-constrained" style="margin-top:0;margin-bottom:0;padding-top:var(--wp--preset--spacing--60);padding-right:var(--wp--preset--spacing--30);padding-bottom:var(--wp--preset--spacing--60);padding-left:var(--wp--preset--spacing--30)">
<div class="wp-block-column is-layout-flow wp-block-column-is-layout-flow">
<h2 class="wp-block-heading has-text-align-right has-tertiary-color has-text-color has-link-color wp-elements-039363c223bb71e479fbf36cfecffe12"><a href="https://nordicstories.eu/contact/" title="Contact">Kontakt</a></h2>
</div>
</div>

<p>Historien bakom Hej! Jag heter Merilin Kaustel-Lehemets, grundare av NORDIC STORIES.Efter gymnasiet kastade jag mig in i olika studier utan en tydlig riktning – musik, statsvetenskap och juridik. För ungefär tio år sedan flyttade jag med min familj till landsbygden i Nuckö, där min kreativa sida fick allt större utrymme och jag började fokusera på &hellip; </p>
<p class="link-more"><a href="https://nordicstories.eu/sv/about/" class="more-link">Read more<span class="screen-reader-text"> &#8220;About&#8221;</span></a></p>
